{"id":155,"date":"2017-09-06T15:59:34","date_gmt":"2017-09-06T15:59:34","guid":{"rendered":"http:\/\/spielgarten.klemkow.de\/?page_id=155"},"modified":"2017-09-19T07:45:23","modified_gmt":"2017-09-19T07:45:23","slug":"naturerziehung","status":"publish","type":"page","link":"https:\/\/spielgarten.klemkow.de\/?page_id=155","title":{"rendered":"Naturerziehung"},"content":{"rendered":"<p>Als Einrichtung mit besonderem p\u00e4dagogischen Profil der Naturerziehung liegt uns die Umwelt mit ihrer Tier- und Pflenzenwelt sehr am Herzen. Und eben das wollen wir auch unseren Kindern mit auf den Weg geben.<\/p>\n<p><img loading=\"lazy\" decoding=\"async\" class=\"size-full wp-image-231 aligncenter\" src=\"https:\/\/spielgarten.klemkow.de\/wp-content\/uploads\/2017\/09\/natur.jpg\" alt=\"\" width=\"1181\" height=\"2390\" srcset=\"https:\/\/spielgarten.klemkow.de\/wp-content\/uploads\/2017\/09\/natur.jpg 1181w, https:\/\/spielgarten.klemkow.de\/wp-content\/uploads\/2017\/09\/natur-148x300.jpg 148w, https:\/\/spielgarten.klemkow.de\/wp-content\/uploads\/2017\/09\/natur-768x1554.jpg 768w, https:\/\/spielgarten.klemkow.de\/wp-content\/uploads\/2017\/09\/natur-506x1024.jpg 506w\" sizes=\"auto, (max-width: 706px) 89vw, (max-width: 767px) 82vw, 740px\" \/><\/p>\n<p>&#8222;Einsetzen werden sich Kinder sp\u00e4ter nur f\u00fcr etwas, was ihnen wirklich wichtig und wertvoll geworden ist.&#8220;<\/p>\n<p>Das Grundst\u00fcck des Spielgartens bietet viele M\u00f6glichkeiten in der Natur\u00a0auf Entdeckungsreise zu gehen. Am kleinen Vogelteich k\u00f6nnen die Kinder V\u00f6gel beim Baden und Trinken beobachten, und im kleinen Bachlauf z. B. Fr\u00f6sche suchen. Neben V\u00f6geln und Fr\u00f6schen leben noch viele andere Tiere bei uns &#8230;<br \/>\nIm Garten lernen die Kinder Gem\u00fcse, Kartoffeln und das Futter der Tiere f\u00fcr den Winter anzubauen und zu ernten. Des weiteren bietet das Grundst\u00fcck eine F\u00fclle von Hecken, St\u00e4uchern, vielen verschiedenen Obstb\u00e4umen, Wiesen bis hin zum kleinen W\u00e4ldchen, in dem die Kinder nach Herzenslust<br \/>\nverstecken und spielen k\u00f6nnen.<\/p>\n<p><img loading=\"lazy\" decoding=\"async\" class=\"aligncenter size-full wp-image-476\" src=\"https:\/\/spielgarten.klemkow.de\/wp-content\/uploads\/2017\/09\/natur-01-1.jpg\" alt=\"\" width=\"1181\" height=\"487\" srcset=\"https:\/\/spielgarten.klemkow.de\/wp-content\/uploads\/2017\/09\/natur-01-1.jpg 1181w, https:\/\/spielgarten.klemkow.de\/wp-content\/uploads\/2017\/09\/natur-01-1-300x124.jpg 300w, https:\/\/spielgarten.klemkow.de\/wp-content\/uploads\/2017\/09\/natur-01-1-768x317.jpg 768w, https:\/\/spielgarten.klemkow.de\/wp-content\/uploads\/2017\/09\/natur-01-1-1024x422.jpg 1024w\" sizes=\"auto, (max-width: 706px) 89vw, (max-width: 767px) 82vw, 740px\" \/><\/p>\n<p>Nat\u00fcrlich besuchen wir aber auch \u00f6fters den Wald und\u00a0 bald auch wieder die Waldschule.<\/p>\n<p style=\"text-align: center;\"><a href=\"https:\/\/spielgarten.klemkow.de\/?page_id=141\">&lt; zur\u00fcck zu unserem Profil<\/a> \/ <a href=\"https:\/\/spielgarten.klemkow.de\/?page_id=157\">weiter zu unseren Tieren &gt;<\/a><\/p>\n<p><strong><br \/>\n<\/strong><\/p>\n","protected":false},"excerpt":{"rendered":"<p>Als Einrichtung mit besonderem p\u00e4dagogischen Profil der Naturerziehung liegt uns die Umwelt mit ihrer Tier- und Pflenzenwelt sehr am Herzen. Und eben das wollen wir auch unseren Kindern mit auf den Weg geben. &#8222;Einsetzen werden sich Kinder sp\u00e4ter nur f\u00fcr etwas, was ihnen wirklich wichtig und wertvoll geworden ist.&#8220; Das Grundst\u00fcck des Spielgartens bietet viele &hellip; <\/p>\n<p class=\"link-more\"><a href=\"https:\/\/spielgarten.klemkow.de\/?page_id=155\" class=\"more-link\"><span class=\"screen-reader-text\">\u201eNaturerziehung\u201c <\/span>weiterlesen<\/a><\/p>\n","protected":false},"author":1,"featured_media":0,"parent":0,"menu_order":0,"comment_status":"closed","ping_status":"closed","template":"","meta":{"ngg_post_thumbnail":0,"_mc_calendar":[],"footnotes":""},"class_list":["post-155","page","type-page","status-publish","hentry","gallery-content-unit"],"_links":{"self":[{"href":"https:\/\/spielgarten.klemkow.de\/index.php?rest_route=\/wp\/v2\/pages\/155","targetHints":{"allow":["GET"]}}],"collection":[{"href":"https:\/\/spielgarten.klemkow.de\/index.php?rest_route=\/wp\/v2\/pages"}],"about":[{"href":"https:\/\/spielgarten.klemkow.de\/index.php?rest_route=\/wp\/v2\/types\/page"}],"author":[{"embeddable":true,"href":"https:\/\/spielgarten.klemkow.de\/index.php?rest_route=\/wp\/v2\/users\/1"}],"replies":[{"embeddable":true,"href":"https:\/\/spielgarten.klemkow.de\/index.php?rest_route=%2Fwp%2Fv2%2Fcomments&post=155"}],"version-history":[{"count":5,"href":"https:\/\/spielgarten.klemkow.de\/index.php?rest_route=\/wp\/v2\/pages\/155\/revisions"}],"predecessor-version":[{"id":674,"href":"https:\/\/spielgarten.klemkow.de\/index.php?rest_route=\/wp\/v2\/pages\/155\/revisions\/674"}],"wp:attachment":[{"href":"https:\/\/spielgarten.klemkow.de\/index.php?rest_route=%2Fwp%2Fv2%2Fmedia&parent=155"}],"curies":[{"name":"wp","href":"https:\/\/api.w.org\/{rel}","templated":true}]}}