{"id":18,"date":"2017-09-05T09:56:21","date_gmt":"2017-09-05T09:56:21","guid":{"rendered":"http:\/\/spielgarten.klemkow.de\/?page_id=18"},"modified":"2017-09-06T17:27:34","modified_gmt":"2017-09-06T17:27:34","slug":"geschichte","status":"publish","type":"page","link":"https:\/\/spielgarten.klemkow.de\/?page_id=18","title":{"rendered":"Geschichte"},"content":{"rendered":"<figure id=\"attachment_176\" aria-describedby=\"caption-attachment-176\" style=\"width: 303px\" class=\"wp-caption alignright\"><img loading=\"lazy\" decoding=\"async\" class=\"wp-image-176 \" src=\"https:\/\/spielgarten.klemkow.de\/wp-content\/uploads\/2017\/09\/Zeitungsfoto-1995.jpg\" alt=\"\" width=\"303\" height=\"323\" srcset=\"https:\/\/spielgarten.klemkow.de\/wp-content\/uploads\/2017\/09\/Zeitungsfoto-1995.jpg 400w, https:\/\/spielgarten.klemkow.de\/wp-content\/uploads\/2017\/09\/Zeitungsfoto-1995-282x300.jpg 282w\" sizes=\"auto, (max-width: 303px) 100vw, 303px\" \/><figcaption id=\"caption-attachment-176\" class=\"wp-caption-text\">Rolf Klemkow &amp; Helga Klemkow (Begr\u00fcnder des &#8222;Spielgarten&#8220;)<\/figcaption><\/figure>\n<p>Die Geschichte des &#8222;Spielgarten&#8220; e. V. Klemkow<\/p>\n<p>&#8230; ist die Idee einer Frau &#8230;<\/p>\n<p>&#8230; das Geschick einer ganzen Familie &#8230;<\/p>\n<p>&#8230; das Gl\u00fcck vieler Kinder &#8230;<strong><\/p>\n<p><\/strong><\/p>\n<p>&nbsp;<\/p>\n<p>&nbsp;<\/p>\n<p><span style=\"color: #339966;\"><strong>Tagespflege bei Tante Helga &#8230;\u00a0 &#8222;Warum nicht?&#8220;<\/strong><\/span><\/p>\n<p><strong>Wie alles began.<img loading=\"lazy\" decoding=\"async\" class=\"size-full wp-image-177 alignright\" src=\"https:\/\/spielgarten.klemkow.de\/wp-content\/uploads\/2017\/09\/Tante-Helga.jpg\" alt=\"\" width=\"250\" height=\"286\" \/><\/strong><\/p>\n<p>Als Helga Klemkow zu DDR Zeiten nicht die Bildungsrichtung gehen durfte, die sie sich vorstellte, h\u00e4ngte sie ihre abgeschlossene Kindergartenausbildung an den Nagel und ging in die Werbung. Jahrelange Erfahrung als Dekorateurin und Wohnraumberaterin in einem M\u00f6belhaus und die Liebe zu Kindern hegten jedoch schon bald den Wunsch nach einem eigenen Kindergarten. Die Idee war geboren.<\/p>\n<p>Als mit der Wende auch die Arbeitslosigkeit kam, setzte sie zusammen mit ihrem Ehemann Rolf Klemkow die Idee in erste Pl\u00e4ne um. Alles was sie sich ersonnen hatte, konnte Ihr Mann und Multitalent in Eigenarbeit in die Tat umsetzen. Um die k\u00fchnen Pl\u00e4ne zu finanzieren, arbeitete Onkel Lolle, wie er seit Beginn von allen Kindern liebevoll genannt wird, in zwei Schichten, auf Arbeit und zu Hause. Fertig gestellte R\u00e4umlichkeiten dienten schon sehr bald zur ersten Tagespflege mit 5 Kindern.<\/p>\n<p>Entgegen aller Schwierigkeiten, konnte so am 1. August 1994 die Kindertagesst\u00e4tte &#8222;Spielgarten&#8220; er\u00f6ffnet werden. Gef\u00f6rdert und Unterst\u00fctzt vom neu gegr\u00fcndeten Verein. Der &#8222;Spielgarten&#8220; e.V. war geboren.<\/p>\n<p><img loading=\"lazy\" decoding=\"async\" class=\"size-full wp-image-178 aligncenter\" src=\"https:\/\/spielgarten.klemkow.de\/wp-content\/uploads\/2017\/09\/Helga-Klemkow.jpg\" alt=\"\" width=\"720\" height=\"1158\" srcset=\"https:\/\/spielgarten.klemkow.de\/wp-content\/uploads\/2017\/09\/Helga-Klemkow.jpg 720w, https:\/\/spielgarten.klemkow.de\/wp-content\/uploads\/2017\/09\/Helga-Klemkow-187x300.jpg 187w, https:\/\/spielgarten.klemkow.de\/wp-content\/uploads\/2017\/09\/Helga-Klemkow-637x1024.jpg 637w\" sizes=\"auto, (max-width: 720px) 100vw, 720px\" \/><\/p>\n","protected":false},"excerpt":{"rendered":"<p>Die Geschichte des &#8222;Spielgarten&#8220; e. V. Klemkow &#8230; ist die Idee einer Frau &#8230; &#8230; das Geschick einer ganzen Familie &#8230; &#8230; das Gl\u00fcck vieler Kinder &#8230; &nbsp; &nbsp; Tagespflege bei Tante Helga &#8230;\u00a0 &#8222;Warum nicht?&#8220; Wie alles began. Als Helga Klemkow zu DDR Zeiten nicht die Bildungsrichtung gehen durfte, die sie sich vorstellte, h\u00e4ngte &hellip; <\/p>\n<p class=\"link-more\"><a href=\"https:\/\/spielgarten.klemkow.de\/?page_id=18\" class=\"more-link\"><span class=\"screen-reader-text\">\u201eGeschichte\u201c <\/span>weiterlesen<\/a><\/p>\n","protected":false},"author":1,"featured_media":0,"parent":0,"menu_order":0,"comment_status":"closed","ping_status":"closed","template":"","meta":{"ngg_post_thumbnail":0,"_mc_calendar":[],"footnotes":""},"class_list":["post-18","page","type-page","status-publish","hentry","gallery-content-unit"],"_links":{"self":[{"href":"https:\/\/spielgarten.klemkow.de\/index.php?rest_route=\/wp\/v2\/pages\/18","targetHints":{"allow":["GET"]}}],"collection":[{"href":"https:\/\/spielgarten.klemkow.de\/index.php?rest_route=\/wp\/v2\/pages"}],"about":[{"href":"https:\/\/spielgarten.klemkow.de\/index.php?rest_route=\/wp\/v2\/types\/page"}],"author":[{"embeddable":true,"href":"https:\/\/spielgarten.klemkow.de\/index.php?rest_route=\/wp\/v2\/users\/1"}],"replies":[{"embeddable":true,"href":"https:\/\/spielgarten.klemkow.de\/index.php?rest_route=%2Fwp%2Fv2%2Fcomments&post=18"}],"version-history":[{"count":3,"href":"https:\/\/spielgarten.klemkow.de\/index.php?rest_route=\/wp\/v2\/pages\/18\/revisions"}],"predecessor-version":[{"id":179,"href":"https:\/\/spielgarten.klemkow.de\/index.php?rest_route=\/wp\/v2\/pages\/18\/revisions\/179"}],"wp:attachment":[{"href":"https:\/\/spielgarten.klemkow.de\/index.php?rest_route=%2Fwp%2Fv2%2Fmedia&parent=18"}],"curies":[{"name":"wp","href":"https:\/\/api.w.org\/{rel}","templated":true}]}}