{"id":542,"date":"2017-09-15T08:40:19","date_gmt":"2017-09-15T08:40:19","guid":{"rendered":"http:\/\/spielgarten.klemkow.de\/?page_id=542"},"modified":"2020-04-23T06:50:43","modified_gmt":"2020-04-23T06:50:43","slug":"downloads","status":"publish","type":"page","link":"https:\/\/spielgarten.klemkow.de\/?page_id=542","title":{"rendered":"Downloads"},"content":{"rendered":"<p>2002 haben wir f\u00fcr einen Wettbewerb einen tollen Trailer erstellt, der es sogar in die engere Auswahl geschafft hat. Ziel war es damals Peter Maffay in den Kindergarten zu bringen zum Tabaluga Tag.<\/p>\n<p>Nunja, es hat zwar nicht ganz geklappt, aber stolz waren wir trotzdem auf uns. Inzwischen sind aus den 8 Jahren \u00fcber 23 Jahre geworden und wir glauben, dass es noch immer sehr sch\u00f6n bei uns ist. Vielleicht sogar noch sch\u00f6ner, als je zuvor.<\/p>\n<p>Auch wenn wir damals nicht gewonnen haben, m\u00f6chten wir euch den Trailer nicht vorenthalten. Unter den folgenden Link k\u00f6nnt ihr den Trailer herunterladen. Vielleicht erkennt sich sogar jemand wieder. Viel Spa\u00df.<\/p>\n<p style=\"text-align: center;\">**************************************************************************************<\/p>\n<p><span style=\"color: #ff0000;\">CORONA NEWS<\/span><\/p>\n<p>Liebe Eltern,<\/p>\n<p>Wenn Sie aktuell die Notbetreuung im Kindergarten beantragen m\u00f6chten, f\u00fcllen Sie bitte diese Dokumente aus und senden Sie uns diese Unterschrieben zur\u00fcck.<\/p>\n<p>W\u00e4hlen Sie je nach beruflicher Besch\u00e4ftigung aus, ob sie Selbst\u00e4ndig oder Angstellt sind. Dazu die Selbsterkl\u00e4rung der Eltern. Vielen Dank.<\/p>\n<p><span style=\"color: #0000ff;\"><a style=\"color: #0000ff;\" href=\"https:\/\/spielgarten.klemkow.de\/wp-content\/uploads\/2020\/04\/Selbsterkl\u00e4rung-der-Eltern.docx\">Selbsterkl\u00e4rung der Eltern<\/a><\/span><\/p>\n<p><span style=\"color: #0000ff;\"><a style=\"color: #0000ff;\" href=\"https:\/\/spielgarten.klemkow.de\/wp-content\/uploads\/2020\/04\/Unabk\u00f6mmlichkeit-von-Besch\u00e4ftigten.docx\">Unabk\u00f6mmlichkeit von Besch\u00e4ftigten<\/a><\/span><\/p>\n<p><a href=\"https:\/\/spielgarten.klemkow.de\/wp-content\/uploads\/2020\/04\/Unabk\u00f6mmlichkeit-von-Selbstst\u00e4ndigen.docx\"><span style=\"color: #0000ff;\">Unabk\u00f6mmlichkeit von Selbstst\u00e4ndigen<\/span><\/a><\/p>\n<p style=\"text-align: center;\">**************************************************************************************<\/p>\n<p><a href=\"https:\/\/spielgarten.klemkow.de\/wp-content\/uploads\/2017\/09\/Tabaluga-Trailer-vom-Spielgarten.wmv\"><span style=\"color: #0000ff;\">Tabaluga Trailer vom Spielgarten<\/span><\/a><\/p>\n<p>oder direkt zu Youtube.<\/p>\n<p><iframe loading=\"lazy\" title=\"Tabaluga Trailer vom Kindergarten\" width=\"525\" height=\"394\" src=\"https:\/\/www.youtube.com\/embed\/Ft4eoztYy6g?feature=oembed\" frameborder=\"0\" allow=\"accelerometer; autoplay; clipboard-write; encrypted-media; gyroscope; picture-in-picture; web-share\" referrerpolicy=\"strict-origin-when-cross-origin\" allowfullscreen><\/iframe><\/p>\n","protected":false},"excerpt":{"rendered":"<p>2002 haben wir f\u00fcr einen Wettbewerb einen tollen Trailer erstellt, der es sogar in die engere Auswahl geschafft hat. Ziel war es damals Peter Maffay in den Kindergarten zu bringen zum Tabaluga Tag. Nunja, es hat zwar nicht ganz geklappt, aber stolz waren wir trotzdem auf uns. Inzwischen sind aus den 8 Jahren \u00fcber 23 &hellip; <\/p>\n<p class=\"link-more\"><a href=\"https:\/\/spielgarten.klemkow.de\/?page_id=542\" class=\"more-link\"><span class=\"screen-reader-text\">\u201eDownloads\u201c <\/span>weiterlesen<\/a><\/p>\n","protected":false},"author":1,"featured_media":0,"parent":0,"menu_order":0,"comment_status":"closed","ping_status":"closed","template":"","meta":{"ngg_post_thumbnail":0,"_mc_calendar":[],"footnotes":""},"class_list":["post-542","page","type-page","status-publish","hentry","gallery-content-unit"],"_links":{"self":[{"href":"https:\/\/spielgarten.klemkow.de\/index.php?rest_route=\/wp\/v2\/pages\/542","targetHints":{"allow":["GET"]}}],"collection":[{"href":"https:\/\/spielgarten.klemkow.de\/index.php?rest_route=\/wp\/v2\/pages"}],"about":[{"href":"https:\/\/spielgarten.klemkow.de\/index.php?rest_route=\/wp\/v2\/types\/page"}],"author":[{"embeddable":true,"href":"https:\/\/spielgarten.klemkow.de\/index.php?rest_route=\/wp\/v2\/users\/1"}],"replies":[{"embeddable":true,"href":"https:\/\/spielgarten.klemkow.de\/index.php?rest_route=%2Fwp%2Fv2%2Fcomments&post=542"}],"version-history":[{"count":5,"href":"https:\/\/spielgarten.klemkow.de\/index.php?rest_route=\/wp\/v2\/pages\/542\/revisions"}],"predecessor-version":[{"id":3980,"href":"https:\/\/spielgarten.klemkow.de\/index.php?rest_route=\/wp\/v2\/pages\/542\/revisions\/3980"}],"wp:attachment":[{"href":"https:\/\/spielgarten.klemkow.de\/index.php?rest_route=%2Fwp%2Fv2%2Fmedia&parent=542"}],"curies":[{"name":"wp","href":"https:\/\/api.w.org\/{rel}","templated":true}]}}